{"id":95803,"date":"2025-05-31T20:46:44","date_gmt":"2025-05-31T23:46:44","guid":{"rendered":"https:\/\/patagoniambiental.com.ar\/info\/?post_type=at_biz_dir&#038;p=95803"},"modified":"2025-05-31T20:56:36","modified_gmt":"2025-05-31T23:56:36","slug":"punto-de-recarga-para-vehiculos-electricos-en-bariloche","status":"publish","type":"at_biz_dir","link":"https:\/\/patagoniambiental.com.ar\/info\/directory\/punto-de-recarga-para-vehiculos-electricos-en-bariloche\/","title":{"rendered":"Punto de recarga para veh\u00edculos el\u00e9ctricos en Bariloche"},"content":{"rendered":"<p>La Cooperativa de Electricidad Bariloche (CEB) instal\u00f3 un sistema de carga para veh\u00edculos el\u00e9ctricos frente a su sede en John O&#8217;Connor 56, San Carlos de Bariloche.<\/p>\n<p>Esta iniciativa forma parte de un plan para fomentar la electromovilidad en la regi\u00f3n, con apoyo de la Secretar\u00eda de\u00a0 energ\u00eda. El cargador p\u00fablico y gratuito responde a la creciente demanda y al boom tur\u00edstico, especialmente de visitantes de Chile.<\/p>\n<p>La CEB cuenta con una infraestructura el\u00e9ctrica robusta y en expansi\u00f3n, que incluye l\u00edneas de media y alta tensi\u00f3n, estaciones transformadoras y sistemas de control avanzados, permitiendo garantizar un suministro confiable para la ciudad y sus alrededores. Este punto de recarga es un paso importante hacia un corredor binacional de electromovilidad que se busca incorporar en Bariloche.<\/p>\n","protected":false},"author":8,"comment_status":"closed","ping_status":"closed","template":"","meta":{"site-sidebar-layout":"default","site-content-layout":"","ast-site-content-layout":"default","site-content-style":"default","site-sidebar-style":"default","ast-global-header-display":"","ast-banner-title-visibility":"","ast-main-header-display":"","ast-hfb-above-header-display":"","ast-hfb-below-header-display":"","ast-hfb-mobile-header-display":"","site-post-title":"","ast-breadcrumbs-content":"","ast-featured-img":"","footer-sml-layout":"","ast-disable-related-posts":"","theme-transparent-header-meta":"default","adv-header-id-meta":"","stick-header-meta":"","header-above-stick-meta":"","header-main-stick-meta":"","header-below-stick-meta":"","astra-migrate-meta-layouts":"set","ast-page-background-enabled":"default","ast-page-background-meta":{"desktop":{"background-color":"var(--ast-global-color-5)","background-image":"","background-repeat":"repeat","background-position":"center center","background-size":"auto","background-attachment":"scroll","background-type":"","background-media":"","overlay-type":"","overlay-color":"","overlay-opacity":"","overlay-gradient":""},"tablet":{"background-color":"","background-image":"","background-repeat":"repeat","background-position":"center center","background-size":"auto","background-attachment":"scroll","background-type":"","background-media":"","overlay-type":"","overlay-color":"","overlay-opacity":"","overlay-gradient":""},"mobile":{"background-color":"","background-image":"","background-repeat":"repeat","background-position":"center center","background-size":"auto","background-attachment":"scroll","background-type":"","background-media":"","overlay-type":"","overlay-color":"","overlay-opacity":"","overlay-gradient":""}},"ast-content-background-meta":{"desktop":{"background-color":"var(--ast-global-color-4)","background-image":"","background-repeat":"repeat","background-position":"center center","background-size":"auto","background-attachment":"scroll","background-type":"","background-media":"","overlay-type":"","overlay-color":"","overlay-opacity":"","overlay-gradient":""},"tablet":{"background-color":"var(--ast-global-color-4)","background-image":"","background-repeat":"repeat","background-position":"center center","background-size":"auto","background-attachment":"scroll","background-type":"","background-media":"","overlay-type":"","overlay-color":"","overlay-opacity":"","overlay-gradient":""},"mobile":{"background-color":"var(--ast-global-color-4)","background-image":"","background-repeat":"repeat","background-position":"center center","background-size":"auto","background-attachment":"scroll","background-type":"","background-media":"","overlay-type":"","overlay-color":"","overlay-opacity":"","overlay-gradient":""}}},"atbdp_listing_types":[3405],"at_biz_dir-category":[3495],"at_biz_dir-location":[3460,3429],"at_biz_dir-tags":[3496],"class_list":["post-95803","at_biz_dir","type-at_biz_dir","status-publish","hentry","atbdp_listing_types-business","at_biz_dir-category-electromovilidad","at_biz_dir-location-provincia-de-rio-negro","at_biz_dir-location-san-carlos-de-barilkoche","at_biz_dir-tags-electromovilidad"],"yoast_head":"<!-- This site is optimized with the Yoast SEO Premium plugin v23.0 (Yoast SEO v27.4) - https:\/\/yoast.com\/product\/yoast-seo-premium-wordpress\/ -->\n<title>Punto de recarga para veh\u00edculos el\u00e9ctricos en Bariloche - Patagonia Ambiental<\/title>\n<meta name=\"description\" content=\"La CEB instal\u00f3 un sistema de carga para veh\u00edculos el\u00e9ctricos frente a su sede en John O&#039;Connor 56, San Carlos de Bariloche.\" \/>\n<meta name=\"robots\" content=\"index, follow, max-snippet:-1, max-image-preview:large, max-video-preview:-1\" \/>\n<link rel=\"canonical\" href=\"https:\/\/patagoniambiental.com.ar\/info\/directory\/punto-de-recarga-para-vehiculos-electricos-en-bariloche\/\" \/>\n<meta property=\"og:locale\" content=\"es_ES\" \/>\n<meta property=\"og:type\" content=\"article\" \/>\n<meta property=\"og:title\" content=\"Punto de recarga para veh\u00edculos el\u00e9ctricos en Bariloche\" \/>\n<meta property=\"og:description\" content=\"La CEB instal\u00f3 un sistema de carga para veh\u00edculos el\u00e9ctricos frente a su sede en John O&#039;Connor 56, San Carlos de Bariloche.\" \/>\n<meta property=\"og:url\" content=\"https:\/\/patagoniambiental.com.ar\/info\/directory\/punto-de-recarga-para-vehiculos-electricos-en-bariloche\/\" \/>\n<meta property=\"og:site_name\" content=\"Patagonia Ambiental\" \/>\n<meta property=\"article:publisher\" content=\"https:\/\/www.facebook.com\/patagonia.ambiental\" \/>\n<meta property=\"article:modified_time\" content=\"2025-05-31T23:56:36+00:00\" \/>\n<meta name=\"twitter:card\" content=\"summary_large_image\" \/>\n<meta name=\"twitter:site\" content=\"@PatAmb\" \/>\n<script type=\"application\/ld+json\" class=\"yoast-schema-graph\">{\"@context\":\"https:\\\/\\\/schema.org\",\"@graph\":[{\"@type\":\"WebPage\",\"@id\":\"https:\\\/\\\/patagoniambiental.com.ar\\\/info\\\/directory\\\/punto-de-recarga-para-vehiculos-electricos-en-bariloche\\\/\",\"url\":\"https:\\\/\\\/patagoniambiental.com.ar\\\/info\\\/directory\\\/punto-de-recarga-para-vehiculos-electricos-en-bariloche\\\/\",\"name\":\"Punto de recarga para veh\u00edculos el\u00e9ctricos en Bariloche - Patagonia Ambiental\",\"isPartOf\":{\"@id\":\"https:\\\/\\\/patagoniambiental.com.ar\\\/info\\\/#website\"},\"datePublished\":\"2025-05-31T23:46:44+00:00\",\"dateModified\":\"2025-05-31T23:56:36+00:00\",\"description\":\"La CEB instal\u00f3 un sistema de carga para veh\u00edculos el\u00e9ctricos frente a su sede en John O'Connor 56, San Carlos de Bariloche.\",\"breadcrumb\":{\"@id\":\"https:\\\/\\\/patagoniambiental.com.ar\\\/info\\\/directory\\\/punto-de-recarga-para-vehiculos-electricos-en-bariloche\\\/#breadcrumb\"},\"inLanguage\":\"es\",\"potentialAction\":[{\"@type\":\"ReadAction\",\"target\":[\"https:\\\/\\\/patagoniambiental.com.ar\\\/info\\\/directory\\\/punto-de-recarga-para-vehiculos-electricos-en-bariloche\\\/\"]}]},{\"@type\":\"BreadcrumbList\",\"@id\":\"https:\\\/\\\/patagoniambiental.com.ar\\\/info\\\/directory\\\/punto-de-recarga-para-vehiculos-electricos-en-bariloche\\\/#breadcrumb\",\"itemListElement\":[{\"@type\":\"ListItem\",\"position\":1,\"name\":\"Inicio\",\"item\":\"https:\\\/\\\/patagoniambiental.com.ar\\\/info\\\/\"},{\"@type\":\"ListItem\",\"position\":2,\"name\":\"Punto de recarga para veh\u00edculos el\u00e9ctricos en Bariloche\"}]},{\"@type\":\"WebSite\",\"@id\":\"https:\\\/\\\/patagoniambiental.com.ar\\\/info\\\/#website\",\"url\":\"https:\\\/\\\/patagoniambiental.com.ar\\\/info\\\/\",\"name\":\"Patagonia Ambiental\",\"description\":\"Monitoreo y an\u00e1lisis de la situaci\u00f3n geopol\u00edtica en el mundo y su implicancia en la Patagonia\",\"publisher\":{\"@id\":\"https:\\\/\\\/patagoniambiental.com.ar\\\/info\\\/#organization\"},\"potentialAction\":[{\"@type\":\"SearchAction\",\"target\":{\"@type\":\"EntryPoint\",\"urlTemplate\":\"https:\\\/\\\/patagoniambiental.com.ar\\\/info\\\/?s={search_term_string}\"},\"query-input\":{\"@type\":\"PropertyValueSpecification\",\"valueRequired\":true,\"valueName\":\"search_term_string\"}}],\"inLanguage\":\"es\"},{\"@type\":\"Organization\",\"@id\":\"https:\\\/\\\/patagoniambiental.com.ar\\\/info\\\/#organization\",\"name\":\"Patagonia Ambiental\",\"url\":\"https:\\\/\\\/patagoniambiental.com.ar\\\/info\\\/\",\"logo\":{\"@type\":\"ImageObject\",\"inLanguage\":\"es\",\"@id\":\"https:\\\/\\\/patagoniambiental.com.ar\\\/info\\\/#\\\/schema\\\/logo\\\/image\\\/\",\"url\":\"https:\\\/\\\/patagoniambiental.com.ar\\\/info\\\/wp-content\\\/uploads\\\/2025\\\/05\\\/LOGO-PATAGONIA-AMBIENTAL.png\",\"contentUrl\":\"https:\\\/\\\/patagoniambiental.com.ar\\\/info\\\/wp-content\\\/uploads\\\/2025\\\/05\\\/LOGO-PATAGONIA-AMBIENTAL.png\",\"width\":433,\"height\":250,\"caption\":\"Patagonia Ambiental\"},\"image\":{\"@id\":\"https:\\\/\\\/patagoniambiental.com.ar\\\/info\\\/#\\\/schema\\\/logo\\\/image\\\/\"},\"sameAs\":[\"https:\\\/\\\/www.facebook.com\\\/patagonia.ambiental\",\"https:\\\/\\\/x.com\\\/PatAmb\"]}]}<\/script>\n<!-- \/ Yoast SEO Premium plugin. -->","yoast_head_json":{"title":"Punto de recarga para veh\u00edculos el\u00e9ctricos en Bariloche - Patagonia Ambiental","description":"La CEB instal\u00f3 un sistema de carga para veh\u00edculos el\u00e9ctricos frente a su sede en John O'Connor 56, San Carlos de Bariloche.","robots":{"index":"index","follow":"follow","max-snippet":"max-snippet:-1","max-image-preview":"max-image-preview:large","max-video-preview":"max-video-preview:-1"},"canonical":"https:\/\/patagoniambiental.com.ar\/info\/directory\/punto-de-recarga-para-vehiculos-electricos-en-bariloche\/","og_locale":"es_ES","og_type":"article","og_title":"Punto de recarga para veh\u00edculos el\u00e9ctricos en Bariloche","og_description":"La CEB instal\u00f3 un sistema de carga para veh\u00edculos el\u00e9ctricos frente a su sede en John O'Connor 56, San Carlos de Bariloche.","og_url":"https:\/\/patagoniambiental.com.ar\/info\/directory\/punto-de-recarga-para-vehiculos-electricos-en-bariloche\/","og_site_name":"Patagonia Ambiental","article_publisher":"https:\/\/www.facebook.com\/patagonia.ambiental","article_modified_time":"2025-05-31T23:56:36+00:00","twitter_card":"summary_large_image","twitter_site":"@PatAmb","schema":{"@context":"https:\/\/schema.org","@graph":[{"@type":"WebPage","@id":"https:\/\/patagoniambiental.com.ar\/info\/directory\/punto-de-recarga-para-vehiculos-electricos-en-bariloche\/","url":"https:\/\/patagoniambiental.com.ar\/info\/directory\/punto-de-recarga-para-vehiculos-electricos-en-bariloche\/","name":"Punto de recarga para veh\u00edculos el\u00e9ctricos en Bariloche - Patagonia Ambiental","isPartOf":{"@id":"https:\/\/patagoniambiental.com.ar\/info\/#website"},"datePublished":"2025-05-31T23:46:44+00:00","dateModified":"2025-05-31T23:56:36+00:00","description":"La CEB instal\u00f3 un sistema de carga para veh\u00edculos el\u00e9ctricos frente a su sede en John O'Connor 56, San Carlos de Bariloche.","breadcrumb":{"@id":"https:\/\/patagoniambiental.com.ar\/info\/directory\/punto-de-recarga-para-vehiculos-electricos-en-bariloche\/#breadcrumb"},"inLanguage":"es","potentialAction":[{"@type":"ReadAction","target":["https:\/\/patagoniambiental.com.ar\/info\/directory\/punto-de-recarga-para-vehiculos-electricos-en-bariloche\/"]}]},{"@type":"BreadcrumbList","@id":"https:\/\/patagoniambiental.com.ar\/info\/directory\/punto-de-recarga-para-vehiculos-electricos-en-bariloche\/#breadcrumb","itemListElement":[{"@type":"ListItem","position":1,"name":"Inicio","item":"https:\/\/patagoniambiental.com.ar\/info\/"},{"@type":"ListItem","position":2,"name":"Punto de recarga para veh\u00edculos el\u00e9ctricos en Bariloche"}]},{"@type":"WebSite","@id":"https:\/\/patagoniambiental.com.ar\/info\/#website","url":"https:\/\/patagoniambiental.com.ar\/info\/","name":"Patagonia Ambiental","description":"Monitoreo y an\u00e1lisis de la situaci\u00f3n geopol\u00edtica en el mundo y su implicancia en la Patagonia","publisher":{"@id":"https:\/\/patagoniambiental.com.ar\/info\/#organization"},"potentialAction":[{"@type":"SearchAction","target":{"@type":"EntryPoint","urlTemplate":"https:\/\/patagoniambiental.com.ar\/info\/?s={search_term_string}"},"query-input":{"@type":"PropertyValueSpecification","valueRequired":true,"valueName":"search_term_string"}}],"inLanguage":"es"},{"@type":"Organization","@id":"https:\/\/patagoniambiental.com.ar\/info\/#organization","name":"Patagonia Ambiental","url":"https:\/\/patagoniambiental.com.ar\/info\/","logo":{"@type":"ImageObject","inLanguage":"es","@id":"https:\/\/patagoniambiental.com.ar\/info\/#\/schema\/logo\/image\/","url":"https:\/\/patagoniambiental.com.ar\/info\/wp-content\/uploads\/2025\/05\/LOGO-PATAGONIA-AMBIENTAL.png","contentUrl":"https:\/\/patagoniambiental.com.ar\/info\/wp-content\/uploads\/2025\/05\/LOGO-PATAGONIA-AMBIENTAL.png","width":433,"height":250,"caption":"Patagonia Ambiental"},"image":{"@id":"https:\/\/patagoniambiental.com.ar\/info\/#\/schema\/logo\/image\/"},"sameAs":["https:\/\/www.facebook.com\/patagonia.ambiental","https:\/\/x.com\/PatAmb"]}]}},"_links":{"self":[{"href":"https:\/\/patagoniambiental.com.ar\/info\/wp-json\/wp\/v2\/at_biz_dir\/95803","targetHints":{"allow":["GET"]}}],"collection":[{"href":"https:\/\/patagoniambiental.com.ar\/info\/wp-json\/wp\/v2\/at_biz_dir"}],"about":[{"href":"https:\/\/patagoniambiental.com.ar\/info\/wp-json\/wp\/v2\/types\/at_biz_dir"}],"author":[{"embeddable":true,"href":"https:\/\/patagoniambiental.com.ar\/info\/wp-json\/wp\/v2\/users\/8"}],"replies":[{"embeddable":true,"href":"https:\/\/patagoniambiental.com.ar\/info\/wp-json\/wp\/v2\/comments?post=95803"}],"wp:attachment":[{"href":"https:\/\/patagoniambiental.com.ar\/info\/wp-json\/wp\/v2\/media?parent=95803"}],"wp:term":[{"taxonomy":"atbdp_listing_types","embeddable":true,"href":"https:\/\/patagoniambiental.com.ar\/info\/wp-json\/wp\/v2\/atbdp_listing_types?post=95803"},{"taxonomy":"at_biz_dir-category","embeddable":true,"href":"https:\/\/patagoniambiental.com.ar\/info\/wp-json\/wp\/v2\/at_biz_dir-category?post=95803"},{"taxonomy":"at_biz_dir-location","embeddable":true,"href":"https:\/\/patagoniambiental.com.ar\/info\/wp-json\/wp\/v2\/at_biz_dir-location?post=95803"},{"taxonomy":"at_biz_dir-tags","embeddable":true,"href":"https:\/\/patagoniambiental.com.ar\/info\/wp-json\/wp\/v2\/at_biz_dir-tags?post=95803"}],"curies":[{"name":"wp","href":"https:\/\/api.w.org\/{rel}","templated":true}]}}

Punto de recarga para vehículos eléctricos en Bariloche

<p>La Cooperativa de Electricidad Bariloche (CEB) instaló un sistema de carga para vehículos eléctricos frente a su sede en John O&#8217;Connor 56, San Carlos de Bariloche.</p>
<p>Esta iniciativa forma parte de un plan para fomentar la electromovilidad en la región, con apoyo de la Secretaría de  energía. El cargador público y gratuito responde a la creciente demanda y al boom turístico, especialmente de visitantes de Chile.</p>
<p>La CEB cuenta con una infraestructura eléctrica robusta y en expansión, que incluye líneas de media y alta tensión, estaciones transformadoras y sistemas de control avanzados, permitiendo garantizar un suministro confiable para la ciudad y sus alrededores. Este punto de recarga es un paso importante hacia un corredor binacional de electromovilidad que se busca incorporar en Bariloche.</p>

<!-- This site is optimized with the Yoast SEO Premium plugin v23.0 (Yoast SEO v27.4) - https://yoast.com/product/yoast-seo-premium-wordpress/ -->
<title>Punto de recarga para vehículos eléctricos en Bariloche - Patagonia Ambiental</title>
<meta name="description" content="La CEB instaló un sistema de carga para vehículos eléctricos frente a su sede en John O&#039;Connor 56, San Carlos de Bariloche." />
<meta name="robots" content="index, follow, max-snippet:-1, max-image-preview:large, max-video-preview:-1" />
<link rel="canonical" href="https://patagoniambiental.com.ar/info/directory/punto-de-recarga-para-vehiculos-electricos-en-bariloche/" />
<meta property="og:locale" content="es_ES" />
<meta property="og:type" content="article" />
<meta property="og:title" content="Punto de recarga para vehículos eléctricos en Bariloche" />
<meta property="og:description" content="La CEB instaló un sistema de carga para vehículos eléctricos frente a su sede en John O&#039;Connor 56, San Carlos de Bariloche." />
<meta property="og:url" content="https://patagoniambiental.com.ar/info/directory/punto-de-recarga-para-vehiculos-electricos-en-bariloche/" />
<meta property="og:site_name" content="Patagonia Ambiental" />
<meta property="article:publisher" content="https://www.facebook.com/patagonia.ambiental" />
<meta property="article:modified_time" content="2025-05-31T23:56:36+00:00" />
<meta name="twitter:card" content="summary_large_image" />
<meta name="twitter:site" content="@PatAmb" />
<script type="application/ld+json" class="yoast-schema-graph">{"@context":"https:\/\/schema.org","@graph":[{"@type":"WebPage","@id":"https:\/\/patagoniambiental.com.ar\/info\/directory\/punto-de-recarga-para-vehiculos-electricos-en-bariloche\/","url":"https:\/\/patagoniambiental.com.ar\/info\/directory\/punto-de-recarga-para-vehiculos-electricos-en-bariloche\/","name":"Punto de recarga para vehículos eléctricos en Bariloche - Patagonia Ambiental","isPartOf":{"@id":"https:\/\/patagoniambiental.com.ar\/info\/#website"},"datePublished":"2025-05-31T23:46:44+00:00","dateModified":"2025-05-31T23:56:36+00:00","description":"La CEB instaló un sistema de carga para vehículos eléctricos frente a su sede en John O'Connor 56, San Carlos de Bariloche.","breadcrumb":{"@id":"https:\/\/patagoniambiental.com.ar\/info\/directory\/punto-de-recarga-para-vehiculos-electricos-en-bariloche\/#breadcrumb"},"inLanguage":"es","potentialAction":[{"@type":"ReadAction","target":["https:\/\/patagoniambiental.com.ar\/info\/directory\/punto-de-recarga-para-vehiculos-electricos-en-bariloche\/"]}]},{"@type":"BreadcrumbList","@id":"https:\/\/patagoniambiental.com.ar\/info\/directory\/punto-de-recarga-para-vehiculos-electricos-en-bariloche\/#breadcrumb","itemListElement":[{"@type":"ListItem","position":1,"name":"Inicio","item":"https:\/\/patagoniambiental.com.ar\/info\/"},{"@type":"ListItem","position":2,"name":"Punto de recarga para vehículos eléctricos en Bariloche"}]},{"@type":"WebSite","@id":"https:\/\/patagoniambiental.com.ar\/info\/#website","url":"https:\/\/patagoniambiental.com.ar\/info\/","name":"Patagonia Ambiental","description":"Monitoreo y análisis de la situación geopolítica en el mundo y su implicancia en la Patagonia","publisher":{"@id":"https:\/\/patagoniambiental.com.ar\/info\/#organization"},"potentialAction":[{"@type":"SearchAction","target":{"@type":"EntryPoint","urlTemplate":"https:\/\/patagoniambiental.com.ar\/info\/?s={search_term_string}"},"query-input":{"@type":"PropertyValueSpecification","valueRequired":true,"valueName":"search_term_string"}}],"inLanguage":"es"},{"@type":"Organization","@id":"https:\/\/patagoniambiental.com.ar\/info\/#organization","name":"Patagonia Ambiental","url":"https:\/\/patagoniambiental.com.ar\/info\/","logo":{"@type":"ImageObject","inLanguage":"es","@id":"https:\/\/patagoniambiental.com.ar\/info\/#\/schema\/logo\/image\/","url":"https:\/\/patagoniambiental.com.ar\/info\/wp-content\/uploads\/2025\/05\/LOGO-PATAGONIA-AMBIENTAL.png","contentUrl":"https:\/\/patagoniambiental.com.ar\/info\/wp-content\/uploads\/2025\/05\/LOGO-PATAGONIA-AMBIENTAL.png","width":433,"height":250,"caption":"Patagonia Ambiental"},"image":{"@id":"https:\/\/patagoniambiental.com.ar\/info\/#\/schema\/logo\/image\/"},"sameAs":["https:\/\/www.facebook.com\/patagonia.ambiental","https:\/\/x.com\/PatAmb"]}]}</script>
<!-- / Yoast SEO Premium plugin. -->

Punto de recarga para vehículos eléctricos en Bariloche - Patagonia Ambiental

La CEB instaló un sistema de carga para vehículos eléctricos frente a su sede en John O'Connor 56, San Carlos de Bariloche.

Monitoreo y análisis de la situación geopolítica en el mundo y su implicancia en la Patagonia
